.
473
Let d(m) = 3*m**3 + 2*m**2 + 798*m + 3229. Give d(-4).
-123
Let b(w) = -21*w**2 + 462*w + 8. Give b(22).
8
Let o(i) = -4*i**3 + 275*i**2 + 321*i + 1932. Calculate o(70).
-98
Let f(h) = 3*h**2 + 30*h - 6990. Calculate f(-55).
435
Let h(w) = 219*w - 7782. Determine h(35).
-117
Let d(b) = -14820*b + 1645067. Calculate d(111).
47
Let y(l) = -l**2 + 30*l + 3870. Give y(-46).
374
Let u(a) = -5043*a - 46909. Determine u(-10).
3521
Let p(q) = q**2 + 520*q - 11455. Give p(21).
-94
Let q(x) = -406*x - 28413. Determine q(-70).
7
Let a(m) = 4*m**2 + 391*m - 4278. What is a(-109)?
627
Let r(u) = u**2 - 45*u - 2933. Give r(-35).
-133
Let y(b) = -93591*b + 4305194. Determine y(46).
8
Let t(d) = -5572*d - 2239944. What is t(-402)?
0
Let k(h) = 5492*h + 8677346. Determine k(-1580).
-14
Let i(g) = -g**2 + 1844*g + 122086. Determine i(-64).
-26
Let d(y) = 417*y**3 - 107*y**2 + 464*y - 358. Calculate d(1).
416
Let v(i) = 15*i**3 + 194*i**2 - 103*i - 448. Calculate v(-13).
722
Let h(t) = -t**3 - 69*t**2 + 60068*t - 362. Calculate h(213).
64
Let n(x) = x**3 - 44*x**2 - 38*x + 761. Determine n(45).
1076
Let v(j) = 6473*j + 239485. Give v(-37).
-16
Let i(s) = -s + 1295. Calculate i(-18).
1313
Let a(v) = -5*v**2 + 3484*v + 42022. Give a(-12).
-506
Let g(a) = -a**3 + 21*a**2 + 276*a + 469. Calculate g(-11).
1305
Let r(u) = 1111*u + 2552. Determine r(-3).
-781
Let o(z) = 2*z**3 + 15*z**2 - 65*z - 1. Give o(0).
-1
Let i(m) = -278*m - 4674. What is i(-20)?
886
Let v(u) = u**3 + 130*u**2 + 263*u + 236. Determine v(-128).
-660
Let i(z) = z**2 + 1040*z - 34318. Determine i(32).
-14
Let j(w) = -145*w + 11804. Give j(67).
2089
Let z(a) = 39*a - 765. Give z(-5).
-960
Let d(r) = 2*r**3 + 131*r**2 + 305*r + 8. What is d(-63)?
638
Let v(y) = 265*y + 4331. Give v(-17).
-174
Let b(c) = 2*c**3 - 179*c**2 + 2409*c + 63. Calculate b(73).
63
Let a(f) = 3*f**2 - 224*f + 2145. What is a(62)?
-211
Let z(g) = -g**3 + 252*g**2 - 1520*g - 201. What is z(6)?
-465
Let f(k) = k**3 - k**2 + 145*k + 327. Give f(0).
327
Let b(o) = 47*o + 223. Determine b(23).
1304
Let v(z) = z**3 - 22*z**2 + 1263*z + 6997. Determine v(-5).
7
Let s(k) = 3*k**2 - 247*k + 3870. What is s(21)?
6
Let c(m) = 459*m**2 - 29764*m - 4609. What is c(65)?
6
Let x(z) = z**3 + 154*z**2 + 3*z - 660. Determine x(0).
-660
Let s(a) = -a**2 - 139*a - 4632. What is s(-37)?
-858
Let x(s) = 109*s**2 - 1279*s + 23. What is x(13)?
1817
Let k(t) = -143*t**2 - 212*t + 691. Give k(-3).
40
Let f(x) = 288*x + 27858. What is f(-93)?
1074
Let n(b) = 27237*b - 517512. What is n(19)?
-9
Let j(u) = 11712*u + 11921. What is j(-1)?
209
Let l(i) = -38*i**3 + 357*i**2 - 65*i - 623. Give l(9).
7
Let p(k) = -25332*k - 430785. Give p(-17).
-141
Let w(m) = 3*m**2 + 262383*m + 2361225. Give w(-9).
21
Let z(x) = -2592*x**2 + 238*x + 237. What is z(-1)?
-2593
Let g(x) = -41303*x - 34281484. What is g(-830)?
6
Let o(i) = i**3 - 215*i**2 + 1037*i + 3424. What is o(210)?
694
Let y(l) = 8386*l + 243285. What is y(-29)?
91
Let x(d) = -1380*d**3 + 4129*d**2 + 19*d - 28. Calculate x(3).
-70
Let g(n) = -2537*n + 2136232. What is g(842)?
78
Let v(i) = -3*i**3 + 157*i**2 - 318*i - 1626. What is v(50)?
-26
Let u(b) = 6377*b - 414501. What is u(65)?
4
Let i(s) = -2*s**2 - 260*s - 7973. Calculate i(-49).
-35
Let k(z) = z**2 + z - 364. Calculate k(-18).
-58
Let o(j) = -2110*j - 80218. Determine o(-38).
-38
Let j(l) = 9*l**3 + 37*l**2 + 136*l + 16. Determine j(-3).
-302
Let l(n) = -3305*n + 162. What is l(0)?
162
Let c(x) = -8*x**2 + 2167*x + 18137. Give c(279).
2
Let l(i) = 2*i**3 + 2*i**2 - 29*i - 178. Give l(-5).
-233
Let o(h) = -284*h**2 - 5370*h + 474. Calculate o(-19).
-20
Let z(w) = -6*w**2 + 7165*w + 17. What is z(0)?
17
Let q(u) = 2*u**2 - 38*u - 1283. What is q(33)?
-359
Let p(s) = -s**3 - 947*s**2 - 885*s + 57776. Give p(-946).
70
Let s(h) = -h**2 + 83*h - 767. Calculate s(70).
143
Let l(m) = -707*m - 272772. Give l(-386).
130
Let x(i) = i**3 - 50*i**2 - 126*i + 8561. What is x(49)?
-14
Let r(c) = -2*c**2 + 26494*c + 185555. What is r(-7)?
-1
Let t(j) = j**3 + 726*j**2 - 29831*j + 35. Calculate t(39).
191
Let k(g) = 136655*g + 820540. Calculate k(-6).
610
Let z(y) = -y**2 + 100*y + 6377. Give z(-43).
228
Let i(l) = -l**2 + 555*l + 92331. Determine i(-134).
5
Let m(r) = 6*r**2 + 7250*r + 21695. What is m(-3)?
-1
Let t(q) = 29*q**2 - 5933*q - 3911. Calculate t(205).
-1451
Let v(w) = 20507*w + 61514. What is v(-3)?
-7
Let r(j) = -2*j**3 + 1494*j**2 - 16165*j - 19884. Determine r(736).
-12
Let a(o) = -o**3 + 23*o**2 - 36*o - 240. Calculate a(21).
-114
Let b(o) = 23934*o + 10650624. Calculate b(-445).
-6
Let r(o) = 2*o**3 + 4*o**2 + 894*o - 2754. Calculate r(3).
18
Let d(i) = -11711*i + 130018. Calculate d(11).
1197
Let b(k) = k**3 - 57*k**2 + 380*k + 4229. Give b(47).
-1
Let w(k) = 2*k**3 + 505*k**2 + 2713*k - 1032. Determine w(-247).
-44
Let n(a) = -2*a**2 - 340*a - 16140. Determine n(-68).
-2268
Let w(p) = -10*p**2 - 199*p + 961. Determine w(4).
5
Let u(j) = -j**3 + 214*j**2 - 4738*j + 2450. Give u(189).
-7
Let x(y) = -y**3 + 4*y**2 + 57*y - 130. What is x(0)?
-130
Let z(j) = 188*j**2 + 1464*j - 2057. Determine z(-9).
-5
Let v(g) = -4*g**3 - 17*g**2 - 83*g - 19. What is v(-5)?
471
Let j(q) = 636*q - 9792. What is j(15)?
-252
Let g(x) = -x**3 - 43*x**2 - 237*x - 48. Calculate g(-9).
-669
Let k(b) = -10*b**2 - 451*b - 242. Give k(-43).
661
Let q(f) = -13*f**2 - 103*f + 77. Give q(-8).
69
Let c(x) = 43021*x - 172273. Give c(4).
-189
Let b(v) = -1011*v + 6984. What is b(7)?
-93
Let t(g) = -188195*g - 941014. What is t(-5)?
-39
Let l(g) = g**3 + 43*g**2 - 255*g - 3149. Give l(-47).
0
Let y(z) = -651*z + 2762. What is y(4)?
158
Let k(f) = -1445*f - 7335. What is k(-6)?
1335
Let x(g) = -3645*g**2 + 204115*g + 257. Determine x(56).
-23
Let f(s) = 9*s**2 + 3168*s - 46108. Give f(-366).
8
Let l(k) = -495*k**3 - 7*k**2 + 100*k + 101. Give l(-1).
489
Let y(l) = -30*l + 518. What is y(5)?
368
Let r(y) = -353*y - 30515. Give r(-87).
196
Let k(r) = -r**3 - 88*r**2 - 1033*r - 92. Calculate k(-74).
-314
Let q(k) = -6320*k - 50482. Determine q(-8).
78
Let q(c) = -4*c**2 + 19536*c - 350345. What is q(18)?
7
Let c(y) = -234*y**2 - 221*y + 653. Determine c(3).
-2116
Let r(q) = q**2 - 748*q - 274869. What is r(-270)?
-9
Let f(l) = -l**2 - 13529*l + 270981. What is f(20)?
1
Let q(p) = 1310*p - 2063. Calculate q(2).
557
Let y(r) = 24192*r + 169252. Determine y(-7).
-92
Let n(d) = -866*d - 82334. Calculate n(-96).
802
Let r(y) = y**3 - 83*y**2 + 497*y - 1033. Determine r(77).
1662
Let s(a) = 9736*a - 292406. Determine s(30).
-326
Let x(o) = -o**2 + 116*o - 884. What is x(117)?
-1001
Let d(a) = a**3 + 18*a**2 + 70*a - 2. Determine d(-9).
97
Let t(f) = -f**3 - 23*f**2 + 102*f - 8. Calculate t(7).
-764
Let b(y) = 31*y**2 + 2*y + 4. Give b(1).
37
Let d(b) = 2*b**3 - 180*b**2 + 8*b - 37. Determine d(0).
-37
Let j(h) = -3*h**3 - 192*h**2 + 35. Determine j(-64).
35
Let o(u) = -713*u + 50645. Calculate o(71).
22
Let j(u) = 32*u**3 - 8285*u**2 + 15676*u + 246. Determine j(257).
-11
Let h(q) = -30*q**2 - 927*q - 68. Determine h(-30).
742
Let k(a) = -a**3 - 234*a**2 + 2547*a - 36251. Calculate k(-245).
9
Let c(f) = -f**3 - 154*f**2 - 247*f + 120. What is c(-2)?
6
Let s(i) = 2*i**3 - 6*i**2 - 102*i + 418. Give s(5).
8
Let g(s) = -2*s + 147. Calculate g(112).
-77
Let a(j) = -11*j**2 - 3685*j - 66048. Give a(-19).
-4
Let z(a) = -a**3 + 250*a**2 + 1362*a - 216213. What is z(252)?
3
Let o(i) = i**3 + 121*i**2 + 295*i + 6600. Determine o(-119).
-183
Let g(r) = -245506*r + 5646643. What is g(23)?
5
Let w(v) = -2*v**3 + 193*v**2 - 119*v + 2289. Give w(96).
81
Let r(f) = -460*f - 8249. Give r(-18).
31
Let g(m) = -5*m**2 - 278*m + 553. Calculate g(2).
-23
Let c(m) = -6500*m + 13518. What is c(2)?
518
Let w(z) = z**2 - 54*z - 2220. Calculate w(67).
-1349
Let a(y) = -y**3 - 16*y**2 - 1678*y + 24165. Give a(12).
-3
Let k(q) = -17851*q - 517689. What is k(-29)?
-10
Let s(o) = -7495*o - 300058. Give s(-40).
-258
Let j(r) = -3*r**3 - 633*r**2 + 18. Give j(-211).
18
Let i(z) = 470*z + 19201. Give i(-34).
3221
Let x(d) = 25*d**2 + 564*d - 193. What is x(-20)?
-1473
Let s(d) = -6*d**3 + 140*d**2 - 44*d - 48. What is s(23)?
-2
Let x(r) = 14488*r - 449127. Give x(31).
1
Let w(g) = 3*g**3 - 639*g**2 + 657*g - 4